en y is divided by 14.
13
Let x = 420 - 333. Calculate the remainder when x is divided by 46.
41
Suppose 9*y + 98 = 2*w + 13*y, -2*y + 184 = 4*w. Calculate the remainder when (50 - 2)*28/6 is divided by w.
44
Let x = 17 + -14. Let g(u) = 60*u + 2*u**x + 3 - 59*u - 3*u**3 + 4*u**2. What is the remainder when 12 is divided by g(4)?
5
Let l(d) = -23*d + 126. What is the remainder when 134 is divided by l(4)?
32
Suppose 0 = -15*y + 12*y. Suppose -v - v - 2*p + 410 = 0, 2*v - 3*p - 395 = y. Suppose 5*w - 13 - v = 0. Calculate the remainder when w is divided by 22.
21
Let n(f) = 2*f**2 + 9*f - 4. Let m be n(-7). Let r = -20 + m. Calculate the remainder when 32 is divided by r.
10
Let n(b) = -b**2 + 7*b. Suppose 0 = o + 3, -4*o - 285 = -5*k + o. Let i = -16 + k. What is the remainder when i is divided by n(5)?
8
Let f(w) = -16*w - 23. Calculate the remainder when 196 is divided by f(-4).
32
Let a = 3 - 0. Suppose 83*m - 82*m - 74 = 0. Let k = m + -63. Calculate the remainder when k is divided by a.
2
Suppose -12 = -4*s, s - 32 - 253 = -3*g. Calculate the remainder when g is divided by 84.
10
Suppose -d = -h, 2*d + 0 = 3*h - 5. Suppose -d*o + 23 = -7. What is the remainder when 7 is divided by o?
1
Suppose 0 = 2*f - 54 - 18. What is the remainder when f is divided by 14/28 + 4/(-8)*-37?
17
Let a(f) = f**3 - 4*f**2 - 2*f + 3. Let r be a(3). Let s = r - 3. Let n = s - -28. Calculate the remainder when 24 is divided by n.
11
Suppose g - 25 - 1 = 0. Let b be 44*(-1 - (-6)/4). Let n = 26 - b. Calculate the remainder when g is divided by n.
2
Suppose -5*a - c + 150 = 0, -12*a + 4*c = -13*a + 30. Calculate the remainder when 208 is divided by a.
28
What is the remainder when (-678)/(-21) + -3 - (-4)/(-14) is divided by 12?
5
Let l(i) = -86*i + 20. Let b be l(-2). Calculate the remainder when 0/(-3 + 8) + b is divided by 15.
12
Suppose -3*o - 16 = -b, b + 6*o = 2*o + 16. Suppose 0 = 2*g + 10, 3*g + 0*g + 109 = i. Calculate the remainder when i is divided by b.
14
Suppose -5*c - 30 = -5*y, 4*c - 3*y = 1 - 22. Let w(d) = d**2 + d + 2. Calculate the remainder when 14 is divided by w(c).
6
Let t = 1 - -1. Suppose -2*b - t*i + 56 = 3*b, -32 = -2*b - 4*i. Calculate the remainder when 77 is divided by b.
7
Let a(j) = -5*j - 101. Calculate the remainder when 1583 is divided by a(-25).
23
Suppose -2784 + 15940 = 52*q. What is the remainder when q is divided by 51?
49
Let s(k) = 2*k**2 + 25*k + 145. What is the remainder when s(-8) is divided by 2/((8/30)/2)?
13
Suppose 0 = -4*n + 20, -2*j - n + 20 = 3*j. Suppose 3*q + 12 = -5*r, 2*r - 12 = j*q + 3*r. What is the remainder when 32 is divided by 2*q/4 - -13?
10
Let o(q) = 24*q - 2. Let t(b) = b**3 - 5*b**2 + 3*b - 1. Let v be t(4). Let l(d) = 2*d**2 + 9*d + 11. What is the remainder when o(2) is divided by l(v)?
14
Let z = -191 + 218. What is the remainder when 188 is divided by z?
26
What is the remainder when 63 is divided by (2 + -3)/(5/(-190))?
25
Calculate the remainder when (-24)/(-6) - (8 + -269 + 5) is divided by 36.
8
Let x(o) = 3*o - o - o + 5*o**2. Suppose 2*n - 3 + 7 = 0. What is the remainder when x(n) is divided by 4?
2
Let a = 1100 + 185. Calculate the remainder when a is divided by 14.
11
Let k be ((-37)/3)/((-7)/21). Let q = k - 22. What is the remainder when 11 is divided by (2/5)/(1/q)?
5
Let u = 58 + 123. Suppose u + 64 = 5*m. Calculate the remainder when m is divided by 10.
9
Let s be 3/(-2 + (-13)/(-5)). Let b(n) = 10 - 12*n - 4 + 3*n**2 + 13*n. What is the remainder when b(s) is divided by 22?
20
Let j(r) = -r**2 + 929*r + 5621. Suppose -2*a + 126 = 18. Calculate the remainder when a is divided by j(-6).
10
Suppose 2*p - 9 = -3*q + 5*p, 5*q - 2*p - 15 = 0. Calculate the remainder when ((-40)/30)/(q/(369/(-2))) is divided by 28.
26
Let m = -425 + 464. What is the remainder when 145 is divided by m?
28
Let d = 2108 + -1750. What is the remainder when d is divided by 15?
13
Let s be (-3)/9*-57 + -1. Suppose 13*p - 11*p = -s. Calculate the remainder when 33 is divided by (-1 + 52)*(-3)/p.
16
Let o(m) = 4*m + 100. Calculate the remainder when 44 is divided by o(-21).
12
Let s = 89 + -158. What is the remainder when 113 is divided by ((-20)/15 + 2)/((-2)/s)?
21
What is the remainder when (-2)/3*1*(-435)/10 is divided by 3?
2
Let k(l) = 4*l + 19. Let m(n) = -4*n - 19. Let p(o) = 5*k(o) + 6*m(o). What is the remainder when p(-13) is divided by 18?
15
Let y = 559 + -443. What is the remainder when 347 is divided by y?
115
Suppose 4*o - 220 = -0*o. Suppose -k + y + 40 = 6*y, y = 4*k - o. Let t(m) = -m**2 - 17*m - 14. What is the remainder when t(-10) is divided by k?
11
Let m(p) = 8*p**3 + 2*p + 1. Let c be m(-1). Suppose 2*u - 4*s - 20 = 0, 4*u - u = s + 10. What is the remainder when u is divided by 2/(-9) - 11/c?
0
Let i be (-6)/(-4) - (-3 - 465/(-2)). Let c = -130 - i. Calculate the remainder when c is divided by 11.
10
Suppose 8*q = 36*q - 196. Calculate the remainder when 13 is divided by q.
6
Let v = -217 - -243. What is the remainder when v is divided by (-3 - 3/2)*-2?
8
Suppose -10*b - 462 = -4*n - 8*b, 581 = 5*n + b. Calculate the remainder when n is divided by 59.
57
Let b be 1*2 - (-3 + 1). Let v = -1 + b. Suppose 36 = v*h - 2*n, 2*h + 61 = 7*h - 3*n. Calculate the remainder when 69 is divided by h.
13
What is the remainder when 93 + (-1 - 6) + 3 is divided by 13?
11
Let t(i) = -i**3 - 6*i**2 - 6*i - 2. Let h be t(-5). Suppose d - h + 0 = 0. What is the remainder when 11 is divided by (d + -7)*14/(-8)?
4
Let h = 393 - 383. What is the remainder when (-6)/4*156/(-9) is divided by h?
6
Let q = -64 + 83. Let r be 1 - 0 - (4 - 18). Let c = q + r. Calculate the remainder when c is divided by 18.
16
Let r(g) = 6*g - 31. Let n be r(21). Suppose -5*c + n + 108 = -2*u, 3*u - 27 = -c. Calculate the remainder when 116 is divided by c.
38
Let s = -7 - -9. Let i(m) = 4*m**2 + 2*m - 3. Let o = -24 + 33. What is the remainder when i(s) is divided by o?
8
Let z be ((-5)/10)/(1/(-8)). Suppose -4*s = -y + 8, 2*s = 3*y + z*s - 10. Let v(n) = n**3 - 5*n**2 + 5*n + 2. Calculate the remainder when v(y) is divided by 4.
2
Let o(l) = 4*l**2 - 22*l + 10. Let x be o(5). Suppose f + i - 65 = x, -3*f + 2*i + 209 = -2*i. What is the remainder when f is divided by 17?
16
Let w = 38 - 14. Suppose -7*i = -3*i - w. Calculate the remainder when i is divided by 4.
2
Let m be (-26)/(-12)*(22 - 16). Suppose 3*p + 0*p = 0. Let o = m - p. What is the remainder when 51 is divided by o?
12
Let y be (32/12 + -2)*(-150)/(-4). Let q be (1*-46)/(-2) + -3. Suppose -3*z + q = -y. Calculate the remainder when 28 is divided by z.
13
Suppose 0*a - 511 = -7*a. What is the remainder when a is divided by 10?
3
Let x(q) = q + 6. Let h be x(-7). Let b = -41 + 88. What is the remainder when b is divided by 16/(h/(1/(-1)))?
15
Suppose 0 = 3*b - 34 - 92. Let a = -11 + b. Let n = a - 1. What is the remainder when 59 is divided by n?
29
Let x(y) = -y**2 + 5*y + 3. Let u be 12*(4/(-6) - -1). Calculate the remainder when x(u) is divided by 2 + (-28)/(-21)*(-6)/(-4).
3
Let w be 15/(-6)*108/(-30). What is the remainder when 6/w*1530/20 is divided by 19?
13
Suppose 0*h = 2*z - h - 8, h + 17 = 5*z. What is the remainder when 83 is divided by (-13)/(52/(-72)) + z?
20
Suppose 12*f - 112 = 92. What is the remainder when 116 is divided by f?
14
Let x = 35 - 24. Calculate the remainder when (-28 - 34)*2/(-4) is divided by x.
9
Let k be 97/5 + 9/15. Let s be (-1 + k)/(-1) + -1. Calculate the remainder when (1 + 21)/((-8)/s) is divided by 14.
13
Let n(r) = -8*r - 50. Let l = -18 - -34. Calculate the remainder when l is divided by n(-7).
4
Suppose h + j - 79 = 0, 3*j + 346 = 4*h + 37. Suppose -h + 22 = -4*s. Suppose 5*f + a = s, 3*a = 13 - 1. What is the remainder when 6 is divided by f?
0
Let v = -25 + 78. Calculate the remainder when 317 is divided by v.
52
Let t(n) = -n**3 - 5*n**2 + 11*n + 5. Suppose h - 185 = 2*j - 0*h, 4*j - 5*h + 367 = 0. Calculate the remainder when t(-7) is divided by j/(-6) + 6/(-4).
12
Suppose -10*x + 7*x + 111 = 0. Suppose 8*a + x - 949 = 0. What is the remainder when a is divided by 29?
27
Let m(y) be the first derivative of -y**4/4 - 2*y**3 + 3*y**2/2 - 3*y - 13. Suppose -2*j + 4*j = -14. Calculate the remainder when m(j) is divided